 4*p = -5*u - 151. Let g be (p - 1)*(-6)/1. What is the greatest common divisor of 24 and g?
24
Let b(z) = -z**2 - 18*z - 5. Suppose n = -5*l - 67, -l = l + 4*n + 34. Let q be b(l). What is the highest common divisor of q and 24?
12
Let w be (55 + -1)*(-112)/(-32). What is the highest common factor of 42 and w?
21
Suppose 21*b = 22*b + 4*u - 520, 3*b + 4*u - 1528 = 0. Calculate the greatest common divisor of 56 and b.
56
Let d(n) = n + 135. Let a be d(0). Suppose 5*q + 4*m - 79 = 0, 3*q - 43 = 38*m - 36*m. Calculate the greatest common factor of a and q.
15
Suppose 31*u = 37*u - 6. Calculate the greatest common factor of u and 49.
1
Let d(t) be the third derivative of -t**6/120 - t**5/60 - t**4/8 + 11*t**3/6 - 5*t**2. Let k be d(0). Calculate the greatest common factor of 33 and k.
11
Let s = -13 + 25. Let d be 3098/(-10) + 4/5. Let h = -189 - d. Calculate the greatest common divisor of s and h.
12
Let a = 508 - 418. What is the greatest common divisor of 72 and a?
18
Let y = -13 + 6. Let w(o) = -o. Let p be w(y). Suppose 1 = -3*j + p. Calculate the greatest common factor of j and 3.
1
Let f(r) = r**2 - 6*r + 2. Let i be f(6). Let j(w) = -w + 13. Let g be j(13). Suppose i*y + 2*y - 204 = g. What is the highest common factor of y and 17?
17
Suppose 4*d = -142 + 294. Calculate the greatest common divisor of d and 494.
38
Suppose 0 = 14*x - 68 + 12. What is the greatest common factor of x and 11?
1
Let d be -1*11*14/(-2). Let x = -146 - -168. Let l = x + -15. Calculate the highest common divisor of d and l.
7
Let x(m) = m**3 + 19*m**2 + 25*m + 156. Let r be x(-18). Calculate the greatest common divisor of 45 and r.
15
Let f be (-1752)/(-12) - 2/3*-9. What is the greatest common divisor of f and 19?
19
Suppose 2*k = -3*i + 2, -i - i + k + 6 = 0. Suppose -7 = 5*g - i. Let f be (5 + g)*(-58)/(-8). What is the greatest common factor of 203 and f?
29
Let c(a) = a**2 + 14*a - 3. Let i be c(-15). Suppose 3*u - 16 = -5*u. Let x(b) = b + 4. Let g be x(u). What is the greatest common divisor of g and i?
6
Suppose 138 = 2*o + o. Let c = 105 - o. Suppose -1 - c = -5*h. Calculate the highest common factor of h and 12.
12
Suppose -2*k - 111 = 5*f - 327, -486 = -5*k + f. Calculate the highest common divisor of 28 and k.
14
Let x(a) = 5*a + 34. Let l be x(14). Suppose -l = -5*t + 86. Suppose t = 3*o + g - 8, 2*g = 2*o - 36. Calculate the highest common factor of o and 24.
8
Let l = -160 + 270. Suppose 0 = -3*r + 4*a + 244, 347 = -0*r + 4*r - a. Suppose 2*x - r - l = 0. Calculate the greatest common factor of 66 and x.
33
Let g = 26 + -18. Suppose 2*a - k = -2*a + 33, -5 = -a - 3*k. Calculate the greatest common divisor of a and g.
8
Let z(w) = 129*w + 274. Let b be z(-2). What is the greatest common divisor of b and 304?
16
Suppose 2*y + o = 560, -5*o - 407 = -2*y + 153. Calculate the highest common divisor of y and 21.
7
Let h(x) = -7*x**3 + x**2 - 2*x - 4. Let w be h(-3). Suppose 2*b + w + 220 = 0. Let g be (-5)/((-50)/(-8))*b. What is the highest common factor of 21 and g?
21
Let w = -51 - -147. Let v be 406/12 - (-16)/w. Calculate the highest common factor of 17 and v.
17
Suppose 0 = 5*s + 3*u - 17, -u = -3*u + 8. Let w(z) = 16*z**2 + 1. Let l be w(s). Suppose 129 + 1367 = 11*c. Calculate the highest common divisor of l and c.
17
Suppose 10*k = 14*k. Suppose k = u + 10 - 29. Let o(m) = 3*m + 4. Let c be o(5). What is the greatest common divisor of c and u?
19
Let a(m) = -m**3 + 4*m**2 + 5*m - 5. Let s(p) = 4*p - 12. Let z be s(6). Suppose z = 3*r - 0. Let f be a(r). What is the greatest common divisor of 105 and f?
15
Suppose -95 - 41 = -4*s. Suppose -2*x - s = -124. Calculate the greatest common divisor of x and 10.
5
Suppose m - 48 = -3*m. Let u(o) = 7*o**2 - 27*o - 226. Let p be u(8). What is the highest common factor of p and m?
6
Let m be (-16)/(-136) + 45/51. What is the highest common divisor of m and 16?
1
Suppose s = -3*s - 2*g - 70, 4*s + 52 = 4*g. Let l be (16/(-4))/(s/(-10) - 2). Calculate the greatest common factor of 70 and l.
10
Let d be (98/(-28))/((-1)/80). Calculate the highest common divisor of 35 and d.
35
Suppose 100 = 4*s + w - 4*w, -4*w - 40 = -2*s. What is the greatest common divisor of s and 126?
14
Suppose -18 = -2*c - u, -2*c - 51 = -7*c - u. Let g = 13 - c. Let h be 1/(1/12)*g. Calculate the highest common divisor of 192 and h.
24
Let w(a) = a**2 - 8*a + 4. Let m be w(7). Let i be (-3)/(-4 - m) - -16. What is the highest common divisor of 19 and i?
19
Let s be 68*((-2)/8 + 2). Let z(b) = b**2 + 29*b + 215. Let k be z(-11). Calculate the highest common factor of s and k.
17
Let k = 48 - 15. Suppose p = 2*p - 264. Calculate the highest common factor of k and p.
33
Suppose 5*z = 5*i + 897 + 683, -i = 0. Calculate the highest common factor of z and 553.
79
Let u = 20 - 15. Suppose -3*l + 9 = -2*z, 3*z - l + 5 + u = 0. Let p(h) = -34*h - 2. Let c be p(z). What is the greatest common factor of c and 40?
20
Let h be (-174)/4*64/(-6). Calculate the greatest common divisor of h and 58.
58
Let c = 1 - -1. Let i be 402/16 + c/(-16). Suppose -i = -u + 10. Calculate the highest common factor of u and 7.
7
Let i = -412 - -602. What is the highest common divisor of 10 and i?
10
Let p(m) = -40*m + 151. Let l be p(-41). Calculate the greatest common divisor of 9 and l.
9
Let z(p) = -5*p + 214. Let b be z(38). Calculate the greatest common divisor of 756 and b.
12
Suppose 0 = 4*i - i. Suppose -10 + i = -2*o. Suppose 3*p + 56 = 2*l, -o*l + 17 = -5*p - 118. What is the greatest common factor of 10 and l?
5
Let i(z) = 4*z**2 + 23*z + 24. Let s be i(-8). What is the greatest common divisor of 3 and s?
3
Let t = 445 - 301. What is the greatest common factor of t and 9?
9
Let w(j) = j**3 + 9*j**2 + 2*j + 12. Let a be w(-5). Calculate the highest common factor of a and 170.
34
Let l = -18 - -18. Let a be (l - -3) + -4 + -1. Let x be 12 + (-4)/a + 1. What is the greatest common factor of 10 and x?
5
Let d(w) = w**3 - 18*w**2 + 3*w - 37. Let n be d(18). What is the highest common divisor of 51 and n?
17
Let z be (-4)/(16/(-70)) - (-27)/(-18). Let t be 1/3 - 47/(-3). What is the highest common divisor of z and t?
16
Suppose -4*l + 0*l = -8. Let p(j) = -6*j**2 + j**3 + 3 + 8*j + 7*j**l + 5*j**2. Let y be p(-3). What is the highest common divisor of y and 12?
6
Let l(u) = -u**3 - 11*u**2 + u + 7. Let h be l(-11). Let s = h + 5. Let k be (-51)/(-18) + 3/18. Calculate the greatest common divisor of k and s.
1
Let j be ((-30)/(-20))/((-2)/(-4)). Suppose -i = 5*s - 8, 2*s - s = 5*i + 12. Let y be j/(i*1/(-12)). Calculate the highest common divisor of y and 6.
6
Let d(k) = 20*k**3 + k - 1. Let s be d(1). Let r = 311 - 545. Let i = r + 294. Calculate the highest common divisor of i and s.
20
Let n be 9/27*3 + 37. Calculate the highest common factor of n and 304.
38
Let h = 4 + 4. Let p be (-1 + h)/((-3)/(-6)). Suppose 5*m - 38 = -2*g, -2 = g + 3*m - 22. What is the greatest common factor of g and p?
14
Let c(p) = -p**2 + 9*p + 1. Let v be c(9). Suppose t = v + 17. Calculate the greatest common divisor of t and 6.
6
Let z = 1014 + -1002. What is the highest common divisor of 228 and z?
12
Let y = 204 + -164. Calculate the highest common divisor of 10 and y.
10
Suppose 1 = j - 4. Suppose -j*o - 810 = -2*o. Let l be -2 - o/(-1 + 4). Calculate the greatest common factor of l and 11.
11
Let d be 105/4 + (-2)/8. Suppose 12*c - 2*c + 370 = 0. Let u = d - c. Calculate the greatest common divisor of u and 9.
9
Let h = 87 + -17. Suppose 42 = -44*d + 47*d. Calculate the greatest common divisor of h and d.
14
Let m(a) = a**3 - 3*a**2 + 7*a. Let z be m(6). Suppose 20*h - 25*h = -z. What is the highest common divisor of h and 45?
15
Let g = 880 + -704. Calculate the greatest common divisor of 112 and g.
16
Suppose 0 = -0*j + j - 17. Let l = -18 + j. Let k be 8*(l + (-26)/(-8)). What is the greatest common divisor of 12 and k?
6
Suppose 4*h = 25 - 17. Suppose 0*y = -y + 2*u - 5, 0 = y + 4*u - 25. Suppose 4*j + 1 - y = 0. What is the highest common factor of h and j?
1
Let s be ((180/(-42))/(-5))/((-2)/(-21)). Calculate the highest common factor of s and 441.
9
Suppose 0 = 34*f - 3*f - 3224. Calculate the greatest common divisor of 44 and f.
4
Let k(h) be the first derivative 